ase 2
-10000111101
101010110011 (base 2) to base 8
5263
What is -11111101001 (base 2) in base 7?
-5622
What is -7744 (base 9) in base 13?
-27a3
-8378 (base 9) to base 5
-144041
3469c (base 13) to base 3
11212011021
-4416 (base 7) to base 9
-2146
-28b (base 13) to base 3
-121210
What is -3152 (base 7) in base 3?
-1112022
Convert 3623 (base 7) to base 5.
20330
-6442 (base 8) to base 2
-110100100010
Convert -79b (base 12) to base 3.
-1112202
What is -52 (base 8) in base 3?
-1120
Convert -56 (base 15) to base 6.
-213
Convert 2212 (base 6) to base 8.
1000
What is -4338 (base 10) in base 6?
-32030
What is -33450 (base 10) in base 7?
-166344
What is 1aab (base 12) in base 16?
ce3
Convert 92 (base 10) to base 16.
5c
What is 1a2 (base 14) in base 16?
152
1466 (base 7) to base 16
24b
Convert 12213 (base 5) to base 3.
1021120
What is 581 (base 9) in base 13?
2aa
-1245 (base 6) to base 9
-382
What is -12120 (base 8) in base 10?
-5200
Convert -260 (base 12) to base 8.
-550
1100011010 (base 2) to base 8
1432
Convert 62b (base 12) to base 5.
12044
What is 811 (base 14) in base 3?
2011122
What is -9d (base 15) in base 6?
-404
333333 (base 4) to base 11
3093
What is 1155 (base 9) in base 10?
860
Convert -2604 (base 7) to base 12.
-6a0
Convert -dd7 (base 16) to base 9.
-4766
Convert -20141 (base 5) to base 13.
-789
What is 22002000 (base 3) in base 5?
142021
Convert 446 (base 9) to base 8.
556
Convert -1424 (base 6) to base 3.
-111221
What is -1 (base 13) in base 9?
-1
What is 42035 (base 8) in base 2?
100010000011101
Convert 4d (base 15) to base 9.
81
Convert -5504 (base 11) to base 4.
-1301200
Convert -48508 (base 9) to base 12.
-16975
5b5b (base 13) to base 12
7588
What is -661 (base 11) in base 7?
-2212
549 (base 11) to base 9
811
Convert -12626 (base 7) to base 10.
-3401
Convert 6708 (base 15) to base 16.
5549
What is 100001111110100 (base 2) in base 5?
1024041
What is -242 (base 11) in base 7?
-561
What is 3b30 (base 14) in base 11?
7922
Convert -21f (base 16) to base 14.
-2ab
-1827 (base 12) to base 7
-11326
What is 1112212 (base 3) in base 11?
938
-16b4 (base 16) to base 15
-1ac7
212 (base 6) to base 13
62
What is -25609 (base 11) in base 4?
-20331000
What is -40331 (base 7) in base 16?
-262d
4027 (base 8) to base 6
13331
Convert -26 (base 10) to base 2.
-11010
-24a1 (base 15) to base 3
-101200221
Convert -111001101111000 (base 2) to base 6.
-344504
What is -22914 (base 10) in base 15?
-6bc9
Convert -1973 (base 15) to base 2.
-1010110000100
What is -1a8b (base 14) in base 5?
-123302
-1327 (base 14) to base 3
-11121201
7642 (base 8) to base 12
2396
Convert 1001001100 (base 2) to base 6.
2420
-293a (base 11) to base 10
-3794
What is -3032 (base 5) in base 8?
-610
Convert 1b10 (base 13) to base 3.
12120201
3d (base 16) to base 2
111101
494 (base 13) to base 16
31d
Convert 11110111 (base 2) to base 5.
1442
Convert 2001000110 (base 3) to base 14.
1088b
Convert a50 (base 15) to base 9.
3163
Convert 23544 (base 6) to base 8.
6570
What is 1023112 (base 4) in base 5?
123242
What is -214 (base 8) in base 3?
-12012
What is -a215 (base 12) in base 13?
-8009
What is 374 (base 8) in base 12?
190
-23456 (base 8) to base 2
-10011100101110
3443 (base 6) to base 7
2250
Convert -15c (base 14) to base 7.
-545
-1777 (base 12) to base 7
-11146
12aa (base 11) to base 8
3235
What is -276 (base 10) in base 13?
-183
17b5 (base 12) to base 11
2182
Convert -1000110 (base 2) to base 10.
-70
Convert -54024 (base 6) to base 12.
-4314
What is 1021222 (base 3) in base 5?
12234
-1000100100 (base 2) to base 12
-398
Convert -104363 (base 8) to base 7.
-204133
What is 3311 (base 10) in base 5?
101221
What is -2424 (base 9) in base 6?
-12204
-c84a (base 14) to base 7
-202523
-163051 (base 7) to base 3
-1122021111
Convert -7342 (base 8) to base 14.
-1562
Convert -1021210 (base 3) to base 2.
-1110101011
What is 11101010111101 (base 2) in base 11?
10330
-28b (base 14) to base 10
-515
Convert 203 (base 8) to base 12.
ab
-14353 (base 6) to base 4
-203331
Convert -216a (base 13) to base 12.
-2837
Convert 155 (base 12) to base 7.
416
What is -3034 (base 6) in base 7?
-1645
1001131 (base 4) to base 2
1000001011101
Convert -1010011000000 (base 2) to base 13.
-2558
What is -6 (base 8) in base 16?
-6
What is 24102 (base 6) in base 14?
13b8
Convert 14551 (base 6) to base 3.
10020211
-128 (base 13) to base 15
-d8
2357 (base 14) to base 10
6153
What is -1bd3 (base 15) in base 8?
-13640
What is 492a (base 11) in base 8?
14455
-211210202 (base 3) to base 11
-11544
-1101 (base 2) to base 10
-13
What is 50253 (base 8) in base 11?
14574
Convert 5612 (base 8) to base 10.
2954
1031111 (base 4) to base 9
6708
Convert -2c3 (base 15) to base 3.
-212110
What is 1213203 (base 4) in base 10?
6627
Convert -63 (base 7) to base 11.
-41
Convert 2ca0 (base 16) to base 12.
6740
-3152 (base 8) to base 10
-1642
304 (base 15) to base 10
679
10212202 (base 4) to base 12
aaaa
265 (base 9) to base 16
dd
54232 (base 7) to base 3
200111221
What is -144121 (base 7) in base 5?
-1342342
Convert -263 (base 7) to base 4.
-2033
-230300 (base 4) to base 6
-21132
-20231 (base 8) to base 4
-2002121
What is 2f0 (base 16) in base 10?
752
41131 (base 8) to base 15
5075
-1245 (base 14) to base 2
-110001111101
-1000001101000 (base 2) to base 15
-13a0
2310003 (base 4) to base 13
5325
What is -111101010001000 (base 2) in base 13?
-1137c
What is -1857 (base 12) in base 11?
-223a
Convert 11160 (base 7) to base 4.
230103
Convert 78 (base 16) to base 9.
143
Convert -100010111001 (base 2) to base 13.
-102a
What is 12131 (base 5) in base 12?
644
-13240 (base 5) to base 3
-1110122
What is -131 (base 9) in base 4?
-1231
What is 6119 (base 10) in base 16?
17e7
284a (base 13) to base 11
4400
Convert 10233010 (base 4) to base 15.
5b31
Convert 6699 (base 11) to base 3.
110002200
Convert -2102 (base 11) to base 6.
-20521
-55634 (base 8) to base 7
-125242
What is 1000001001010 (base 2) in base 11?
3151
d5e3 (base 16) to base 4
31113203
What is -116 (base 15) in base 2?
-11110110
-1131301 (base 4) to base 5
-143001
1237 (base 11) to base 7
4463
22435 (base 6) to base 11
2441
Convert 21101001 (base 3) to base 13.
25a5
Convert 12205 (base 7) to base 16.
c76
Convert 1111010100 (base 2) to base 3.
1100022
941c (base 15) to base 12
16146
-114221 (base 7) to base 14
-7781
What is 92 (base 16) in base 3?
12102
Convert -8198 (base 10) to base 7.
-32621
Convert 19c (base 15) to base 9.
453
Convert 144550 (base 8) to base 10.
51560
What is dd06 (base 16) in base 10?
56582
Convert -dd (base 16) to base 15.
-eb
What is -101111101 (base 2) in base 3?
-112010
What is 1130 (base 4) in base 13?
71
What is -1001111001010 (base 2) in base 12?
-2b22
2298 (base 15) to base 16
1caf
Convert 29303 (base 12) to base 15.
12059
-440 (base 8) to base 4
-10200
Convert -100110000001101 (base 2) to base 6.
-230045
What is 14171 (base 8) in base 6?
45001
What is -1555 (base 6) in base 9?
-528
Convert 640 (base 12) to base 4.
32100
What is -212130 (base 4) in base 6?
-15220
157 (base 11) to base 6
503
Convert -88 (base 16) to base 3.
-12001
What is -9513 (base 12) in base 8?
-37637
What is 1110111100111 (base 2) in base 10?
7655
Convert 210021 (base 3) to base 8.
1076
What is -20200221 (base 3) in base 12?
-29b1
Convert -10100011011 (base 2) to base 3.
-1210102
What is 1752 (base 14) in base 4?
1001130
Convert -110010010101 (base 2) to base 15.
-e4b
Convert 1224 (base 11) to base 13.
960
-2655 (base 10) to base 13
-1293
b3b3 (base 12) to base 11
13786
-909 (base 15) to base 2
-11111110010
What is 89b (base 16) in base 6?
14111
What is -3330 (base 6) in base 3?
-1001200
Convert 60a (base 15) to base 12.
954
Convert 1000333 (base 5) to base 13.
7201
-13b27 (base 12) to base 10
-27535
Convert 6315 (base 12) to base 13.
4c01
Convert f9f (base 16) to base 7.
14442
Convert e2a (base 16) to base 7.
13400
Convert 1864 (base 13) to base 10.
3631
Convert -8061 (base 15) to base 3.
-1101011101
Convert 371a (base 14) to base 8.
22634
1221211 (base 3) to base 9
1854
What is 1907 (base 10) in base 8?
3563
-14cc8 (base 13) to base 5
-2231131
1010111001 (base 2) to base 7
2014
What is 3ca5 (base 15) in base 5?
403410
What is 25c (base 13) in base 15?
1ca
What is -46ca (base 13) in base 16?
-26f0
Convert